n thousands digit of 589026837?
2
What is the ten millions digit of 1525278475?
2
What is the tens digit of 17328899?
9
What is the ten thousands digit of 18986371?
8
What is the tens digit of 522606746?
4
What is the hundred thousands digit of 914710830?
7
What is the hundreds digit of 40779187?
1
What is the billions digit of 4925886047?
4
What is the millions digit of 1479823268?
9
What is the hundred millions digit of 312729868?
3
What is the hundreds digit of 570692251?
2
What is the hundred millions digit of 769504117?
7
What is the hundred thousands digit of 26079317?
0
What is the millions digit of 369799227?
9
What is the hundreds digit of 439684136?
1
What is the units digit of 156166065?
5
What is the billions digit of 1138951141?
1
What is the units digit of 122861886?
6
What is the hundreds digit of 88224544?
5
What is the tens digit of 434905792?
9
What is the hundreds digit of 1338245347?
3
What is the tens digit of 138691451?
5
What is the billions digit of 3524882574?
3
What is the ten millions digit of 270915158?
7
What is the hundreds digit of 1568911917?
9
What is the thousands digit of 423579567?
9
What is the ten thousands digit of 854119219?
1
What is the hundreds digit of 52764585?
5
What is the ten thousands digit of 66382629?
8
What is the hundred thousands digit of 83773501?
7
What is the ten thousands digit of 98725140?
2
What is the ten millions digit of 47034962?
4
What is the hundred millions digit of 766666373?
7
What is the tens digit of 169905243?
4
What is the ten millions digit of 137674176?
3
What is the millions digit of 559705153?
9
What is the billions digit of 1402307418?
1
What is the units digit of 3013598463?
3
What is the ten thousands digit of 494398884?
9
What is the ten thousands digit of 2318846?
1
What is the millions digit of 15613674?
5
What is the millions digit of 76286422?
6
What is the millions digit of 73190161?
3
What is the thousands digit of 127920670?
0
What is the units digit of 12836416?
6
What is the millions digit of 171960137?
1
What is the millions digit of 1227844884?
7
What is the ten thousands digit of 11666218?
6
What is the hundreds digit of 2236451028?
0
What is the tens digit of 308907074?
7
What is the ten millions digit of 613338844?
1
What is the hundreds digit of 148479823?
8
What is the units digit of 212614637?
7
What is the thousands digit of 308299436?
9
What is the ten thousands digit of 13633015?
3
What is the units digit of 1164083028?
8
What is the millions digit of 19223088?
9
What is the units digit of 105425892?
2
What is the ten thousands digit of 40523054?
2
What is the units digit of 27132299?
9
What is the ten thousands digit of 1329871244?
7
What is the thousands digit of 2411666663?
6
What is the tens digit of 38504877?
7
What is the ten millions digit of 529788257?
2
What is the hundreds digit of 285082039?
0
What is the units digit of 19545481?
1
What is the ten thousands digit of 2394500303?
0
What is the hundreds digit of 288982731?
7
What is the hundreds digit of 1103557?
5
What is the millions digit of 6715660997?
5
What is the hundreds digit of 1517382668?
6
What is the ten millions digit of 271880779?
7
What is the hundred millions digit of 6849142987?
8
What is the hundreds digit of 158968421?
4
What is the tens digit of 48978398?
9
What is the tens digit of 2998287596?
9
What is the millions digit of 4026995300?
6
What is the ten millions digit of 10889394?
1
What is the hundreds digit of 125390833?
8
What is the hundred millions digit of 282696181?
2
What is the hundreds digit of 720953337?
3
What is the tens digit of 39218261?
6
What is the tens digit of 1765307796?
9
What is the units digit of 58037805?
5
What is the ten millions digit of 946209491?
4
What is the tens digit of 2115010626?
2
What is the hundred millions digit of 1366672164?
3
What is the millions digit of 32134519?
2
What is the hundreds digit of 498557464?
4
What is the millions digit of 6201214238?
1
What is the tens digit of 146037950?
5
What is the billions digit of 3457573576?
3
What is the millions digit of 150934996?
0
What is the millions digit of 352668475?
2
What is the hundred millions digit of 837472729?
8
What is the hundred thousands digit of 20646670?
6
What is the units digit of 52888374?
4
What is the hundred thousands digit of 2717380910?
3
What is the hundreds digit of 577975327?
3
What is the thousands digit of 206426771?
6
What is the millions digit of 5438485047?
8
What is the millions digit of 1358089932?
8
What is the thousands digit of 959266139?
6
What is the millions digit of 156681123?
6
What is the billions digit of 3497423585?
3
What is the hundreds digit of 6426219?
2
What is the units digit of 92686310?
0
What is the millions digit of 648011991?
8
What is the tens digit of 987697387?
8
What is the thousands digit of 124019155?
9
What is the hundreds digit of 138242178?
1
What is the units digit of 643997690?
0
What is the hundred millions digit of 175613387?
1
What is the millions digit of 238770726?
8
What is the thousands digit of 5900036188?
6
What is the ten thousands digit of 259771443?
7
What is the hundred millions digit of 293105056?
2
What is the hundred millions digit of 1519277779?
5
What is the ten millions digit of 4032665455?
3
What is the units digit of 95087533?
3
What is the tens digit of 29205749?
4
What is the hundred thousands digit of 1788373184?
3
What is the thousands digit of 3561479031?
9
What is the ten millions digit of 4247042844?
4
What is the units digit of 2344929687?
7
What is the hundred thousands digit of 725292629?
2
What is the millions digit of 264108921?
4
What is the ten millions digit of 530466452?
3
What is the units digit of 49899512?
2
What is the units digit of 260767160?
0
What is the ten millions digit of 20851446?
2
What is the ten thousands digit of 21078663?
7
What is the thousands digit of 2465724617?
4
What is the hundred thousands digit of 101088415?
0
What is the hundred thousands digit of 16553476?
5
What is the units digit of 28842154?
4
What is the millions digit of 85916836?
5
What is the millions digit of 232028497?
2
What is the tens digit of 245852337?
3
What is the thousands digit of 655279356?
9
What is the units digit of 2248035610?
0
What is the ten millions digit of 2599425761?
9
What is the hundred thousands digit of 64515128?
5
What is the millions digit of 420207800?
0
What is the hundreds digit of 2838866977?
9
What is the ten thousands digit of 12091433?
9
What is the thousands digit of 6093204?
3
What is the ten thousands digit of 548547074?
4
What is the thousands digit of 817004035?
4
What is the hundred thousands digit of 20861173?
8
What is the hundred millions digit of 603778821?
6
What is the thousands digit of 519021567?
1
What is the millions digit of 137102388?
7
What is the units digit of 404593133?
3
What is the hundred millions digit of 1194196783?
1
What is the ten thousands digit of 47998?
4
What is the tens digit of 663822709?
0
What is the millions digit of 1582292250?
2
What is the ten thousands digit of 869899901?
9
What is the hundred millions digit of 2343801518?
3
What is the units digit of 494392975?
5
What is the hundreds digit of 2310698286?
2
What is the hundred millions digit of 222356576?
2
What is the millions digit of 553902492?
3
What is the units digit of 6874179?
9
What is the ten thousands digit of 101357534?
5
What is the hundred thousands digit of 1319764053?
7
What is the units digit of 55448667?
7
What is the tens digit of 2465105208?
0
What is the ten thousands digit of 50691307?
9
What is the thousands digit of 310613419?
3
What is the units digit of 1058373893?
3
What is the units digit of 4066586908?
8
What is the hundred thousands digit of 2903076584?
0
What is the tens digit of 81783472?
7
What is the hundred thousands digit of 77740317?
7
What is the hundreds digit of 41414215?
2
What is the tens digit of 100502529?
2
What is the thousands digit of 37441487?
1
What is the units digit of 41232166?
6
What is the ten millions digit of 56529544?
5
What is the hundred thousands digit of 47913572?
9
What is the hundred millions digit of 1993530977?
9
What is the millions digit of 7118417770?
8
What is the thousands digit of 1056